tor of 7560 and 8280?
360
Calculate the greatest common factor of 4656 and 1843.
97
What is the highest common divisor of 23315 and 40?
5
Calculate the greatest common divisor of 477 and 123.
3
Calculate the greatest common factor of 3962 and 826.
14
Calculate the greatest common factor of 5535 and 265065.
615
What is the highest common divisor of 250 and 6948?
2
Calculate the greatest common divisor of 200 and 129080.
40
What is the greatest common divisor of 2525 and 7?
1
Calculate the highest common divisor of 1014650 and 286.
26
Calculate the greatest common divisor of 197 and 960769.
197
What is the highest common divisor of 40661 and 146?
73
What is the greatest common factor of 2332 and 15052?
212
What is the highest common factor of 31757 and 33?
11
Calculate the greatest common divisor of 161415 and 85.
85
Calculate the highest common factor of 285 and 23190.
15
Calculate the greatest common factor of 36 and 95760.
36
Calculate the greatest common factor of 1083 and 2736.
57
What is the highest common divisor of 927307 and 2119?
163
What is the highest common divisor of 1066 and 21074?
82
What is the greatest common divisor of 11 and 69047?
11
Calculate the greatest common factor of 47158 and 26486.
646
What is the greatest common factor of 55 and 4690422?
11
Calculate the greatest common factor of 22974 and 1806.
42
Calculate the highest common factor of 244174 and 112.
14
What is the greatest common factor of 318996 and 228?
12
What is the highest common factor of 82 and 626?
2
What is the greatest common divisor of 84256 and 32?
32
What is the greatest common factor of 610154 and 94?
94
What is the greatest common factor of 314321 and 664?
83
Calculate the highest common divisor of 49 and 1176.
49
What is the greatest common factor of 112 and 2042544?
112
What is the greatest common factor of 13741 and 91?
91
Calculate the greatest common divisor of 3 and 165.
3
Calculate the highest common divisor of 15616 and 49408.
256
Calculate the greatest common factor of 4161 and 513.
57
Calculate the highest common divisor of 176 and 1102442.
22
Calculate the highest common factor of 1695 and 122379.
339
What is the greatest common factor of 718 and 78262?
718
Calculate the greatest common divisor of 405 and 540000.
135
What is the greatest common divisor of 236 and 5472?
4
What is the highest common factor of 13 and 1130051?
13
What is the highest common factor of 1423512 and 136?
136
Calculate the greatest common factor of 1939 and 973.
7
What is the highest common divisor of 2204 and 89552?
116
What is the greatest common factor of 13150 and 5400?
50
What is the greatest common divisor of 52 and 1781?
13
What is the highest common factor of 10173 and 6?
3
Calculate the greatest common divisor of 267565 and 413.
59
Calculate the greatest common divisor of 10 and 86410.
10
What is the highest common divisor of 754 and 24592?
58
What is the greatest common factor of 547 and 343?
1
Calculate the greatest common factor of 208954 and 1337.
191
What is the highest common factor of 3164 and 1356?
452
What is the greatest common factor of 145950 and 2100?
1050
What is the greatest common factor of 21 and 369033?
21
What is the greatest common factor of 20655 and 41395?
85
Calculate the highest common divisor of 4305 and 24465.
105
Calculate the greatest common factor of 201484 and 51.
17
Calculate the highest common factor of 32307 and 561.
33
What is the greatest common divisor of 194865 and 165?
165
What is the highest common divisor of 6 and 141994?
2
What is the greatest common factor of 7168 and 25494?
14
What is the highest common divisor of 195944 and 56?
56
Calculate the highest common factor of 344 and 141144.
8
What is the highest common factor of 220 and 625180?
20
Calculate the greatest common divisor of 10 and 3590040.
10
What is the highest common factor of 247945 and 425?
85
What is the greatest common divisor of 111354 and 402?
402
Calculate the highest common factor of 6 and 36964.
2
What is the greatest common divisor of 355 and 14981?
71
Calculate the highest common factor of 784 and 2040360.
392
What is the highest common factor of 1755 and 315?
45
Calculate the greatest common divisor of 740 and 124727.
37
Calculate the highest common divisor of 1568 and 8428.
196
What is the highest common factor of 1054 and 408?
34
What is the greatest common divisor of 44039 and 47?
47
Calculate the highest common divisor of 298674 and 513.
27
What is the greatest common factor of 2088 and 2196?
36
What is the greatest common divisor of 3830 and 90?
10
Calculate the highest common divisor of 2121 and 3507.
21
What is the greatest common factor of 262838 and 226?
226
Calculate the greatest common factor of 925 and 865985.
185
What is the highest common divisor of 2300 and 61778?
46
Calculate the highest common divisor of 1442 and 32548.
206
Calculate the greatest common divisor of 25 and 4026475.
25
Calculate the greatest common divisor of 1771382 and 1310.
262
What is the highest common divisor of 98358 and 12513?
291
What is the greatest common factor of 154 and 16555?
77
What is the highest common factor of 1143 and 5969?
127
Calculate the highest common divisor of 428 and 24.
4
What is the highest common factor of 14638 and 650?
26
Calculate the highest common divisor of 198 and 8736354.
198
What is the greatest common factor of 6442111 and 13?
13
Calculate the greatest common factor of 693 and 3663.
99
What is the highest common factor of 1660 and 32500?
20
What is the greatest common divisor of 5175 and 150?
75
Calculate the greatest common factor of 273 and 2051.
7
Calculate the highest common factor of 448 and 526624.
224
Calculate the greatest common divisor of 545 and 852925.
545
Calculate the highest common divisor of 121662 and 405.
81
What is the greatest common factor of 706767 and 414?
69
What is the greatest common factor of 478 and 1254?
2
Calculate the greatest common factor of 338 and 29692.
26
Calculate the greatest common divisor of 3212 and 684.
4
What is the highest common divisor of 6772 and 9?
1
Calculate the greatest common factor of 48 and 12216.
24
Calculate the highest common divisor of 4 and 4184.
4
Calculate the greatest common divisor of 741 and 3135.
57
Calculate the highest common divisor of 213606 and 18.
18
Calculate the highest common factor of 16 and 759248.
16
Calculate the greatest common divisor of 31113 and 189.
9
What is the highest common factor of 41 and 202868?
41
Calculate the highest common factor of 5109 and 507.
39
What is the highest common factor of 2 and 17473?
1
What is the highest common factor of 10769 and 11659?
89
Calculate the highest common factor of 702 and 3900.
78
What is the greatest common factor of 387 and 1143?
9
Calculate the highest common factor of 7844 and 264.
4
What is the highest common factor of 406540 and 20?
20
What is the greatest common divisor of 308 and 696960?
44
Calculate the greatest common factor of 733861 and 92.
23
What is the highest common divisor of 15255 and 225?
45
Calculate the highest common divisor of 1173 and 7515411.
1173
Calculate the greatest common divisor of 1951475 and 75.
25
What is the greatest common factor of 10899 and 36?
9
What is the highest common factor of 46 and 45392?
2
What is the highest common divisor of 59 and 21653413?
59
Calculate the greatest common factor of 2065 and 4235.
35
Calculate the highest common divisor of 46 and 11385.
23
What is the highest common divisor of 180 and 1773?
9
What is the greatest common divisor of 662135 and 755?
755
What is the greatest common divisor of 3154 and 11761?
19
What is the greatest common factor of 23949319 and 367?
367
Calculate the highest common divisor of 471 and 23393.
157
What is the highest common divisor of 9477 and 46449?
117
What is the highest common divisor of 144 and 111?
3
What is the highest common factor of 24 and 69256?
8
Calculate the highest common divisor of 276532 and 1614.
538
What is the highest common factor of 50 and 20242?
2
Calculate the highest common factor of 891 and 29106.
297
What is the highest common factor of 958 and 406671?
479
What is the highest common factor of 27 and 873?
9
What is the highest common divisor of 77 and 375089?
11
What is th